) = 2*c - 7. Let s be m(5). Suppose 2*y = -s*y + 15. Suppose 69 = y*f + 3*b, 4*f = 5*b + 62 + 21. What are the prime factors of f?
2, 11
Let l = 5 + 31. List the prime factors of l.
2, 3
Suppose -4*u = -95 - 137. List the prime factors of u.
2, 29
Let h = -34 - -62. What are the prime factors of h?
2, 7
Let z = 49 + -32. What are the prime factors of z?
17
List the prime factors of 5*(-129)/15*-1.
43
Let a(l) = l**3 + l**2 + 5*l - 2. What are the prime factors of a(3)?
7
Let s(h) = -h**3 - 7*h**2 - h + 1. Let w be 7/(-4)*-1*-4. List the prime factors of s(w).
2
Suppose 4*v = -2*j + 242, -j - 44 = -2*v + 75. List the prime factors of v.
2, 3, 5
Suppose z = -5*l - 30, -2*z + 5*z + 5 = 2*l. What are the prime factors of (-66)/l + 1/(-5)?
13
Suppose 5*t - 25 = 5*q - 10, -2 = 2*q. Let a(w) = -2*w - w**3 + 3*w**t - 3*w**3 + 2*w**3 + 3*w**3. What are the prime factors of a(-3)?
2, 3
Suppose 1 = 2*l - 5. Let s(f) = f**2 - 3*f + 2. What are the prime factors of s(l)?
2
Let t be (-3 - -4)*0/2. Let x = 5 + -2. Suppose t*g - 33 = -x*g. List the prime factors of g.
11
Let u = -183 - -264. List the prime factors of u.
3
Let j(p) = 4*p**2 - p + 1. Let y be j(3). Let n = 52 - y. What are the prime factors of n?
2, 3
Let b = -5 - -9. Suppose -x + 6*x - 13 = 3*m, 4*x - b = 4*m. What are the prime factors of m?
2
Let a(l) = 3*l**2 - 10*l + 18. What are the prime factors of a(7)?
5, 19
Let q = 3 + 0. Let c = 28 - 24. Suppose c*d + q*w - 32 = 22, -4*d + 56 = 2*w. What are the prime factors of d?
3, 5
Suppose -5*s = t - 49, -t - t = -3*s + 32. Suppose -5*u + 17 = 4*c, u + 5*c = -3*u + s. List the prime factors of u.
5
Let q = -9 - -14. Suppose -b = -3*p - 38, -6*p = b - q*p - 22. List the prime factors of b.
2, 13
Let w = -136 + 248. What are the prime factors of w?
2, 7
Suppose -3*o - 10 - 8 = 0. Let l be (o/4 + -1)*-2. Let n(m) = -m**3 + 6*m**2 - 2*m + 5. What are the prime factors of n(l)?
2, 5
Let n = 293 - 204. Suppose 4*j - n = -13. Suppose 3*g + 1 = j. List the prime factors of g.
2, 3
Let f = 17 + 28. Let n be 4/(-18) + 550/f. List the prime factors of 2/7 - n/(-7).
2
Let l(b) = b**2 + b + 2. Let v be l(-2). Suppose 0 = -v*g + 7*g - 36. Suppose o - g = -2*o. List the prime factors of o.
2
Let n be (18/(-4))/(12/(-24)). What are the prime factors of (3 - n)*2/(-3)?
2
Let d(p) be the second derivative of p**4/12 + p**3/2 - p**2 - p. What are the prime factors of d(-5)?
2
List the prime factors of (-4)/(-2) - (-1 + 132/(-2)).
3, 23
Let v be 5 + (0 + -1 - -1). Suppose -2*z + 168 = 4*x, 4*z - 125 = -2*x + 223. Suppose 0 = v*y - z + 28. What are the prime factors of y?
2, 3
Let r(v) = 3*v**3 - 4*v**2 + 3*v + 2. Let w be r(3). Let a = w + -40. List the prime factors of a.
2
Suppose 63 = -2*n + 5*n. What are the prime factors of n?
3, 7
Let s = -6 + 10. Suppose -4*z - m = -12, -5 = -2*z - 4*m + 15. Let b = s - z. List the prime factors of b.
2
Let c = 10 - 13. Let p(s) = -s**3 + 3*s + 3. What are the prime factors of p(c)?
3, 7
Suppose 3*w + 73 = 2*t, 2*w + 3*w + 110 = 3*t. List the prime factors of t.
5, 7
List the prime factors of (-11)/(-33) - (-346)/6.
2, 29
Let l(w) = -w**2 + 6*w + 4. Suppose -u = -3*y - 8 - 10, 3*u - 2*y = 26. What are the prime factors of l(u)?
2
Let c(j) = j**3 - 7 + j**3 + 8*j - 3*j**3 - 9*j**2. List the prime factors of c(-10).
13
Let h(a) = 2*a + 7. Let w(g) = 2*g**2 + g + 2. Let c be w(2). What are the prime factors of h(c)?
31
Let h(y) = y**3 - 10*y**2 + 2*y - 14. Let w be h(10). Suppose 4*x - 5*s - 12 = w, -2*x - 5*s = 6. List the prime factors of x.
2
Let s = -40 - -28. Let a = s - -20. List the prime factors of a.
2
Let y be (103 + 0)*1/(-1). Let s = 144 + y. What are the prime factors of s?
41
Suppose 7*u + u + 8 = 0. Let m(x) = -11*x + 2 - 1 + 0. List the prime factors of m(u).
2, 3
Let x(k) = 4*k - 4. Let o be x(7). Let p be ((-10)/8)/((-2)/o). Let j = p + -10. What are the prime factors of j?
5
Let g be ((-6)/2)/((-6)/4). Let a be (g/(-3))/(3/(-9)). What are the prime factors of 1/(-1*(-1)/a)?
2
Let a = -84 - -147. List the prime factors of a.
3, 7
Let a(v) = 2*v + 3*v + v - 5*v. Let b be a(-3). What are the prime factors of (3/2)/(b/(-26))?
13
List the prime factors of 356/10 - (-2)/5.
2, 3
Let r be (-3)/(((-30)/(-16))/(-5)). Suppose -17*i + 19*i - r = 0. List the prime factors of i.
2
Suppose -7*l = -2*l + o - 64, 31 = 2*l - 5*o. What are the prime factors of l?
13
Suppose 0 = 3*l + 4*i - 67 + 10, 0 = -i. What are the prime factors of l?
19
Suppose -q - 2*p - p + 25 = 0, -4*q = -5*p - 185. Suppose 3*b - 4*l = -10 + 71, 2*b - 3*l = q. List the prime factors of b.
23
List the prime factors of (3/(-4))/((-4)/464).
3, 29
Let k = -16 + 271. List the prime factors of k.
3, 5, 17
Let h = 22 - 12. List the prime factors of h.
2, 5
Suppose 19 = -2*v + 83. What are the prime factors of v?
2
What are the prime factors of (-1)/(20/15)*8*-6?
2, 3
Let m be -9*1/(2 - 3). Let p = 11 + m. List the prime factors of p.
2, 5
What are the prime factors of (-1116)/(-33) - 4/(-22)?
2, 17
Let l be 2/(-4)*-13*2. Suppose -3*h + l - 1 = 0. What are the prime factors of (6/8)/(1/h)?
3
Let d = 18 - -23. What are the prime factors of d?
41
Let a(t) = 3*t**2 + 3*t**2 + 2*t**2 - 3 - 4*t + t. Let q be a(3). Suppose 8*w - q = 4*w. What are the prime factors of w?
3, 5
Let m(a) = -a**3 + 12*a**2 + 7. Let l = 15 - 3. What are the prime factors of m(l)?
7
Suppose -3*t - 2 = -o - 10, -o = 2*t - 12. Suppose 3*v - o = 44. Suppose 0*c + 3*h = 2*c - 30, v = -4*h. List the prime factors of c.
3
Let o(h) = h**3 + h + 7. Suppose -c - c = 0. Let v be o(c). Suppose 64 = v*u - 3*u. List the prime factors of u.
2
Let l(m) = m**2 + 2*m - 1. Let f be l(1). Suppose f*d = -4*t + 44, d + 7 + 6 = 5*t. List the prime factors of d.
2, 3
Let f(o) be the first derivative of -o**2/2 + 21*o - 3. Let w(p) = -2*p + 43. Let q(l) = 9*f(l) - 4*w(l). List the prime factors of q(12).
5
Suppose -4*x = -2*p - 404, -x + 90 = -4*p - 25. List the prime factors of x.
3, 11
Let r be 8/4 - 0 - -78. Suppose -4*u = -12 - r. List the prime factors of u.
23
What are the prime factors of (-17)/119 - 30/(-14)?
2
Suppose 5*a = 2*a - 3*c + 279, 0 = c - 2. List the prime factors of a.
7, 13
Suppose -5*p + 3*z + 48 = 0, -2*p + 3*z + 19 = 2*z. What are the prime factors of p?
3
Suppose -u - u + 46 = 0. Let w = -6 + u. What are the prime factors of w?
17
Suppose -3*u + 2*u + 34 = 0. Let q = u + -22. List the prime factors of q.
2, 3
Suppose 0 = g - 22 - 5. What are the prime factors of g?
3
Let t = -269 + 482. Suppose -5*v = -7 - t. What are the prime factors of v?
2, 11
Let s(i) = -i**2 + 5*i + 2. Let u be s(6). What are the prime factors of (4/(-5))/(u/30)?
2, 3
Let i be (-2)/(-2) - (4 - 3). Suppose 3*c + i*c = 12. Suppose -c*h + 9 = -3. List the prime factors of h.
3
Suppose -78 + 735 = 3*n. What are the prime factors of n?
3, 73
Let p be ((-20)/(-15))/(2/(-15)). Let z = -1 - p. List the prime factors of z.
3
Suppose 0 = -4*f + t - 3*t + 44, 0 = 2*f + 5*t - 14. Let c = f - 28. Let r = 32 + c. What are the prime factors of r?
2
Suppose 3*d + 19 = h, -3*h + 37 = -d - 12. Suppose -5*f - i + 26 = 0, 3*f + i - h = -0*f. List the prime factors of f.
5
Let p = -86 - -141. What are the prime factors of p?
5, 11
What are the prime factors of 8/(-20) + (-324)/(-10)?
2
Suppose -14*y + 13*y = -130. List the prime factors of y.
2, 5, 13
Let f(s) = s - 6*s + s**2 + 2 + 4*s**2. Let u be f(3). Suppose u = 2*z + 10. What are the prime factors of z?
11
Let f be (2 + -3 - 27) + 1. Let s = -8 - f. What are the prime factors of s?
19
Let m(y) = -30*y + 1. List the prime factors of m(-1).
31
Let p(z) = z**2 - 3*z + 6. Let t be p(3). Let m = 17 - t. What are the prime factors of m?
11
Let b(o) = -20*o + 5. Let f(x) = -13*x + 3. Let c(i) = i**2 - 5*i - 4. Let r be c(4). Let m(s) = r*f(s) + 5*b(s). List the prime factors of m(2).
3
Suppose -a = s - 2*a - 70, 0 = -s + 2*a + 74. What are the prime factors of s?
2, 3, 11
Let c be 1*(-1)/(3/(-63)). Let o = c + 13. Let r = -24 + o. What are the prime factors of r?
2, 5
Let p(r) = 19*r + 2. Let h be p(-3). Let b = h - -105. List the prime factors of b.
2, 5
Suppose -t = -7 + 3. List the prime factors of 1*35 + (2 - t).
3, 11
Let k(i) = 4*i**2 + 3*i - 7. What are the prime factors of k(